o?
3
Let f(c) = 14*c - 26. Suppose -3*u + 14 = 3*k - u, 4*k = 5*u + 11. What is the units digit of f(k)?
0
Suppose 15*n + 40 = 23*n. Let c(w) = 61*w - 19. What is the hundreds digit of c(n)?
2
Let p = -62 - -62. Suppose -3*b + 362 = m, -b + 0*m + 5*m + 94 = p. What is the tens digit of b?
1
Let x(i) = 237*i**2 + 4*i + 2. What is the tens digit of x(-1)?
3
Suppose 0 = 5*b - 20, 5*n + 3073 = -4*b + 12939. What is the units digit of n?
0
Let t(r) = r**2 - 3*r + 4. Let q be t(2). Suppose 0 = -0*n + q*n - 10. What is the units digit of n?
5
Let b = 54 + -52. Suppose b*o - 4*o + 156 = 0. What is the units digit of o?
8
Suppose -23*b + 21*b + 4 = 0. Suppose 20 = a - b*m, 2*a + 0*m - 3*m = 39. What is the tens digit of a?
1
Suppose 33*z + 10611 = 25494. What is the hundreds digit of z?
4
Suppose 5*o + f - 1346 = 0, 5*f = 9*o - 6*o - 830. What is the tens digit of o?
7
Let f = 69 + -44. What is the units digit of f?
5
Let u(h) = 132*h**2 - 18*h + 56. What is the units digit of u(4)?
6
Let w(p) = -p**2 + 88*p - 15. What is the hundreds digit of w(38)?
8
Let q = 29 - 26. Suppose 4*i - 268 = -4*b, q*b - 145 - 186 = -5*i. What is the tens digit of i?
6
Let t = 26 - 100. What is the tens digit of t*(-2 + (-4 - -5))?
7
Let k(b) = -b**2 + b. Let o(p) = 145*p**2 - 2*p + 2. Let i(r) = 2*k(r) + o(r). What is the units digit of i(-1)?
5
Suppose q + 2*s + 1 = 0, -4*q + 0*s = -2*s - 16. Suppose 0 = -q*l + 4*l - 110. What is the units digit of l?
0
Suppose -5*q - 180 - 15 = 0. Let x = 10 - q. Let c = -7 + x. What is the tens digit of c?
4
Suppose z = 5*h + 16, -2*z = -5*h - 4*z - 13. Let y(f) = 3. Let b(j) = j**2 - j + 1. Let c(k) = 2*b(k) - 2*y(k). What is the units digit of c(h)?
0
Suppose 20 = -4*s - 0. Let a(o) = 2*o**2 + 2*o - 2. Let x be a(s). Suppose 0*h = -4*h - m + x, m = 5*h - 43. What is the units digit of h?
9
Suppose -4*o + 5*d - 4 = -3, 3*o - 4*d = 0. Let f(j) = -14*j - 14. What is the units digit of f(o)?
2
Let z = 8 - 2. Let f(s) = -3*s - z - 5*s + 2*s. What is the units digit of f(-5)?
4
Suppose 0 = 5*m - 3*h + 75, -5*m + 5*h - 78 + 3 = 0. What is the tens digit of 340/(-15)*(m/6 - -1)?
3
What is the units digit of (0 + 98)*1128/658?
8
Let r(x) = x**2 - 4*x - 1. Let j be r(5). Suppose 4*w = 2*o + 52 - 174, 0 = -5*o + j*w + 329. What is the tens digit of o?
6
Let n(v) = -8*v - 52. Let l be n(-7). Suppose -l*k + 1310 = 166. What is the tens digit of k?
8
Let y(z) = 312*z - 147. What is the tens digit of y(8)?
4
Let z = 195 - -39. Suppose -5*k - z + 674 = 0. Suppose -19 = 3*q - k. What is the tens digit of q?
2
Let t(l) = -8*l - 1. Let z be t(-2). Suppose -5*f + z = -0*f. Suppose 22 = m - 6*i + 4*i, 3*m + f*i - 84 = 0. What is the units digit of m?
6
Let g be 1 + 12/(3 + 1). Let u = 0 + g. Suppose 0 = -u*t + 3*t + 28. What is the tens digit of t?
2
Let u(c) = 88*c**2 + 7*c - 9. Let l(y) = -44*y**2 - 3*y + 4. Let k(v) = -5*l(v) - 2*u(v). What is the tens digit of k(1)?
4
Suppose -23 - 6 = -3*j - g, 2*g - 34 = -3*j. Let o be j/(-10)*(-30)/12. Suppose -o*c + 5*i = -5*c - 6, 21 = 5*c - 2*i. What is the units digit of c?
3
Suppose 2*u = -2*n + 8, -4*u - 4*n + 16 = -u. Suppose 3*i - 15 = 0, -4*o = -2*i - u*i - 86. What is the tens digit of ((-32)/o)/(2/(-54))?
3
Let c(u) = 4*u**3 - u**2. Let x be c(1). Let z(r) = -r**2 + 2*r. Let t be z(x). What is the units digit of 3 + t/6*0?
3
Suppose d - 12 + 1 = 0. Let x = -12 + d. What is the units digit of (x/2)/((-2)/136)?
4
Let b(k) = -50*k - 1123. What is the hundreds digit of b(-30)?
3
Suppose -93*q + 97*q = 20. Suppose -183 = -2*h - q*a, 281 = 3*h - 0*a + a. What is the units digit of h?
4
Let m be ((-4)/(-8))/(3/(-564)). Let d be 4/12 + m/(-6). Let u = 52 - d. What is the units digit of u?
6
Let f(z) = 12*z - 6. Let w be f(-2). Let r = 95 + w. What is the units digit of r?
5
What is the thousands digit of 10*((-5 - (-5957)/14) + 6)?
4
Let a be 8/12 - 21/(-9). Suppose -a = 5*r + 17. What is the units digit of (-51)/(-15) + r/10?
3
Let g(v) = v**3 + 5. Suppose 0 = -6*r + 4*r. Let o be g(r). Suppose -2*a = h + 4, o*h - 4*a - 20 = 4*h. What is the units digit of h?
4
What is the tens digit of (-456)/342 - (-10408)/3?
6
Let i = 525 + 611. What is the units digit of i?
6
Suppose 332 + 508 = 2*f. What is the units digit of f?
0
Let i(c) = -c - 41. Let d be i(-14). Suppose 3*j + 12 = 3*k, 0*j + 3*j = -12. Let t = k - d. What is the tens digit of t?
2
Let j(p) = -p**3 - 13*p**2 - 25*p - 7. Let a(n) = -2*n - 1. Let y be a(5). What is the tens digit of j(y)?
2
Let a(g) = -g**3 + 10*g**2 - 8*g - 20. Let q be a(9). Let r(h) = h**2 + 7*h - 9. What is the units digit of r(q)?
5
Let t(v) = -3*v - 2. Let y be t(-4). Suppose -8*w + 13 + 19 = 0. What is the units digit of (y/w)/((-1)/(-6))?
5
Suppose 7*f = -143 + 9047. What is the thousands digit of f?
1
Let q be 6 - 5 - (-12)/4. Suppose -12*i = -8*i - 16. Suppose -q*o + 275 = -3*y, 5*o - i*y - 340 = y. What is the units digit of o?
1
Suppose 0 = 2*f + 13 - 21. What is the units digit of -1 - (f + -2) - -10?
7
Suppose 0 = -2*p - 2*p + 2*r - 108, 0 = -4*r - 16. What is the units digit of (-4)/(-2)*p/(-58)?
1
Let p(n) = -48*n - 1. Let y = -7 - -6. Let k be p(y). Let q = k + -27. What is the tens digit of q?
2
Let c = -2723 + 5301. What is the hundreds digit of c?
5
Let m(f) = f**2 - f. Let b be m(0). Let u(z) = -z + 23. What is the tens digit of u(b)?
2
Let i be (4 - 1) + 6 + -5 + 121. Let o = i - 67. What is the tens digit of o?
5
Let n = 87 - -37. Let l = n - 62. Suppose 0*p + l = 2*p. What is the units digit of p?
1
Suppose -38*c + 892 + 2642 = 0. What is the units digit of c?
3
Let d = -45 + 44. Let t(n) = 20*n**2. What is the tens digit of t(d)?
2
Suppose -2*g = -l + 6, -4*l + 3*g + 24 = -0*g. Suppose -252 = 3*x - l*x. What is the tens digit of 1/(x/(-88) - -1)?
2
Suppose 3*i = t - 0*t - 74, 3*i = 2*t - 142. What is the tens digit of (t - -1)*(-4)/(-6)?
4
Let y = -4558 - -7954. What is the thousands digit of y?
3
Suppose 0 = -5*c + 3*c + 60. Let u be (2 + -1)/(5/c). What is the units digit of -28*(1 - 4)/u?
4
Suppose -20*m + 57 = -17*m. Suppose m*f - 50 = 17*f. What is the tens digit of f?
2
Suppose 0*y + 4*a = y - 12, 3*y - 2*a + 4 = 0. Let c = y - 8. Let h = -6 - c. What is the units digit of h?
6
Suppose -7981 = -35*q + 559. What is the tens digit of q?
4
Let r be (-40)/(-3)*(3 + 0). Suppose 1 = y, 3*v - 12 = v - 4*y. Suppose -v*p + r = p. What is the units digit of p?
8
Let f be (-2 + 0)/((-1)/(-34)). Let n = 143 + f. What is the tens digit of n?
7
Suppose 2*c = c. Suppose 4 + 10 = 7*t. Let o = c + t. What is the units digit of o?
2
Let s = -45 + 26. Let l = -6 + 29. Let w = s + l. What is the units digit of w?
4
Let b = -123 - -117. What is the tens digit of (169 - 18/b) + 0 + 1?
7
Let a be 1/(-2) + (-25)/(-2). Let c be 171/33 + a/(-66). Suppose 5*k + 185 = c*x, 7*k - 2*k = -2*x + 60. What is the tens digit of x?
3
Suppose -46 - 9 = -5*u. Let w(l) = l - 20. Let o be w(u). What is the tens digit of o/6 + 222/4?
5
What is the tens digit of ((-2)/(-2))/(1/685)?
8
Let f(r) = r**3 - 22*r**2 + 22*r + 12. Let z(g) = 22*g**2 + 2*g - 3. Let h be z(1). What is the units digit of f(h)?
3
Let k(v) = 23*v**3 - 15*v - 3. What is the thousands digit of k(5)?
2
Let p be (9/27)/((-2)/(-726)). Suppose -5*w + p = -b, 4*b = -3*w + 12 + 79. What is the units digit of (-40)/w*(-10)/4?
4
Let c(y) = 222*y + 21. What is the hundreds digit of c(3)?
6
Suppose 36 = 3*c - 84. Suppose -6*p = -5*p + c. What is the units digit of ((-12)/10)/(6/p)?
8
Let i(c) = 21*c**2 + 76*c - 41. Let x(o) = -4*o**2 - 15*o + 8. Let l(h) = -2*i(h) - 11*x(h). Let q be ((6 + 0)/3)/((-8)/28). What is the units digit of l(q)?
1
Suppose l - 2*f = 2, 2*f = -l + f - 10. Let w(q) = q**3 + 9*q**2 + 8*q - 6. What is the units digit of w(l)?
4
Let u(y) = y**2 - 8*y - 14. Let t be u(10). Let v = t + -4. Suppose l + q + 43 = 5*l, -3*l = -v*q - 36. What is the tens digit of l?
1
Let d(o) be the second derivative of -o**5/20 + 5*o**4/12 - o**3/3 + o**2/2 - 7*o. Let k be d(4). What is the tens digit of ((-3)/k)/(3/(-414))?
4
What is the tens digit of 11 + -8 - (-42 - 0) - -2?
4
Let t(s) = -25 + s + 13 - 29*s - 10. What is the hundreds digit of t(-5)?
1
Let c = -621 - -1136. What is the units digit of c?
5
Suppose -9*r + 10*r - 4 = 0